 = 5*j - 1. Let g be -3 + z + -2 + 3. What is the units digit of (128 - -1 - -3) + g?
9
What is the hundreds digit of -9 - 7387/(-1)*(-16 - -17)?
3
Let h(f) be the third derivative of f**5/30 - 13*f**4/12 - 8*f**3/3 + 60*f**2. What is the tens digit of h(22)?
8
Let z = 21 - -209. Suppose z = -4*s + 1714. What is the hundreds digit of s?
3
What is the tens digit of 12558 - (-13)/351*-9*(-10 + 1)?
6
Let w(x) = -3*x**3 - 16*x**2 - 17*x - 12. Let p be w(-4). Let m = -16 - -28. What is the units digit of 80 + -3 + p + m?
1
Let p(s) = 2*s - 16. Let z be p(8). Suppose z*x + 23 = -x - k, -4*k + 20 = 0. What is the tens digit of (x/(-10))/((-14)/(-350))?
7
Let b(l) = 16*l**2 - 26*l + 107. Let c(d) = -9*d**2 + 14*d - 53. Let z(y) = 3*b(y) + 5*c(y). What is the units digit of z(9)?
7
Let m(p) = -4*p**2 - 779*p - 266. What is the hundreds digit of m(-152)?
7
Suppose -24*t = -17*t - 112. Suppose 9634 = t*g + 1522. What is the hundreds digit of g?
5
Suppose 13*c = 15*c - 24. Let k(n) = -n + n**2 + 18 - 10 + c. What is the units digit of k(0)?
0
Let o be (-10 - -8) + (-1)/(3/(-4074)). Suppose 4*v + 1080 = 4*r, 14*r - 3*v - o = 9*r. What is the units digit of r?
3
Suppose 0*p - 2*p + 556 = 0. Let t be (p/(-6))/((-2)/6). Suppose t = i - 14. What is the tens digit of i?
5
Suppose -4*t + j + 3*j = 1836, 4*t + 1822 = -3*j. Let r = t - -820. What is the units digit of r?
3
Suppose 0 = -24*y + 29*y - 3190. Suppose y*q - 645*q + 70 = 0. What is the units digit of q?
0
Suppose -4*q + 131656 = t + 39181, -5*t = -15. What is the ten thousands digit of q?
2
Let h(a) = a**2 + 12*a - 30. Let i be h(-15). Suppose i*w = 8*w + 6090. What is the tens digit of w?
7
Suppose 9*g - 3*g - 18 = 0. Suppose -577 - 648 = -y + 4*p, -g = -p. What is the units digit of y?
7
Suppose -n = -5*v - 1, 3 = 3*v - 6*v + 3*n. Let w be v/((-8)/(-7 + 3)) - -2. Suppose 2*o - 133 = -2*f + 5*o, 0 = -w*f - o + 145. What is the tens digit of f?
7
Let h(w) = -159*w**3 - 3*w**2 - 3*w - 8. Let m be h(-2). Suppose -4*d + 2*i + m = 0, 2*d + 3*i - 544 = 65. What is the hundreds digit of d?
3
Suppose -199*z + 219*z - 6991 = 244209. What is the thousands digit of z?
2
Suppose j - 513 = v - 2*j, -2*v = 5*j + 971. Let o = v - -940. What is the hundreds digit of o?
4
Let x(p) = -p**3 - 4*p**2 + p + 12. Let o be x(-9). Suppose o*f - 404*f = 104. What is the tens digit of f?
2
Suppose -2*d = -6, 4*x + 4*d - 465 = x. Suppose 0 = 2*a + 35 - x. Suppose -y + c = -26, 2*y + a = 4*y + c. What is the units digit of y?
8
Suppose -5*i - 4*t = -82254, 1786*i + t - 16451 = 1785*i. What is the units digit of i?
0
Suppose -m + 135*p - 137*p + 33454 = 0, 7*m + 5*p - 234115 = 0. What is the tens digit of m?
4
Let x = -22236 - -22249. Suppose h = 2*l + 1740, 2*h - 3525 = -4*l - l. Suppose -x*t - h = -23*t. What is the units digit of t?
5
Suppose 4*b - 20 = 2*s, 0 = -4*b + 13*s - 8*s + 26. Let v(r) = 149*r - 3. What is the tens digit of v(b)?
9
Let o = 199 - -41. Suppose -25*r - o = -20*r. What is the tens digit of (-2)/12 - (23320/r)/11?
4
Let m(f) = 26*f**3 - 2*f**2 + f + 4. Let u be m(2). Let x = -43 + u. Let a = -60 + x. What is the units digit of a?
3
Let p(l) = -926*l**3 + l**2 - 4*l - 4. Let o be p(-1). Let g be o/6*((-16)/6)/4. Let m = 210 + g. What is the units digit of m?
7
Suppose 67*m + 10 = 65*m, 5*p - 27630 = 5*m. What is the tens digit of p?
2
Let d = -339 - -200. Let s = d + 209. What is the units digit of s?
0
Suppose -14302 = -644*h + 632*h + 55070. What is the thousands digit of h?
5
Suppose 568092 = 24*b - 9*b + 6*b. What is the hundreds digit of b?
0
Suppose 61849 = 2*h + 11159. What is the tens digit of h?
4
Let j(m) be the third derivative of 0*m + 1/3*m**3 + 1/8*m**4 + 26*m**2 + 1/30*m**6 - 1/15*m**5 + 0. What is the tens digit of j(2)?
2
Let w be ((-140)/(-21) - 6)*-3273. What is the hundreds digit of (-1)/(-3) + w/(-6)?
3
Let r = 7881 + -6165. What is the units digit of r?
6
Let r(n) = 16*n**2 + 95*n + 88. What is the tens digit of r(22)?
2
Let z be 1*(8/3 - 4/6). Suppose 10 = 4*b + x, x - 12 = -z*b + 4*x. Suppose 0 = 2*l, -l - b*l = t - 195. What is the tens digit of t?
9
Let a = 1020 - 654. Suppose -4*h + 1685 = -5*d, a = -3*h + 3*d + 1629. What is the units digit of h?
0
Suppose 6138 = y - g, 0 = -5*y + 4*g + 6680 + 24009. What is the tens digit of y?
3
Let u be (-3)/(-4) + 315/28. Suppose 382 = u*b - 62. What is the tens digit of b?
3
Let o be (2/(-4))/((-54)/(-36))*0. Suppose -4 = -g, -c + o*g = -3*g - 12. What is the tens digit of c?
2
Suppose w + 4 = 8*m - 4*m, -2 = -5*w - 2*m. Suppose w = -4*d + 5*y + 370 + 300, 654 = 4*d + 3*y. What is the units digit of ((-9)/(-15))/(2 - 327/d)?
3
Let u be (-9 - 1)*(0 + 6/(-12)). Suppose 3*y + 2 = y, -u*y + 175 = -5*d. What is the units digit of (-668)/(-6) + 2 - (-12)/d?
3
Let z(c) = 37*c**2 - 2*c - 8. Let s be z(5). Let w = s + -622. What is the tens digit of w?
8
Let d(o) = -o**3 - 15*o**2 - 26*o + 8. Let s be d(-13). Suppose 0 = -11*u + 7*u - s. What is the tens digit of (-672)/(-10) - 1/(-10)*u?
6
Let d(p) be the third derivative of 1/60*p**5 + 0 + 0*p - 4*p**2 + 16/3*p**3 + 2/3*p**4. What is the tens digit of d(-15)?
1
Let a be (-735)/60 - -1*2/8. Let o be (-2 - 2) + 1416/a. Let k = o - -230. What is the units digit of k?
8
Let h = 551 + 64786. What is the hundreds digit of h?
3
Suppose 179 = 4*f - 189. Let r = f - 92. Suppose 0 = k - r*k + 5*y - 194, 3*y = -12. What is the units digit of k?
4
Suppose h - 132*b = -128*b + 10177, 20346 = 2*h - 4*b. What is the tens digit of h?
6
Suppose 11125 = 2*y + 5*f, 3*f = 5*y - 15777 - 11989. Suppose 6*k = y + 5359. What is the tens digit of (-3 - (-1)/1)/((-34)/k)?
0
Suppose 4*b = -5*w + 69, 0*b + 2*b - 3*w - 7 = 0. Suppose 4*q = -b*x + 9*x + 1758, -3*x + 2617 = -4*q. What is the hundreds digit of x?
8
Let k = 31541 - 13909. What is the tens digit of k?
3
Let b = -26 + -162. Let f = b - -550. Suppose -5*z + q + 156 + f = 0, 3*z + 5*q = 294. What is the tens digit of z?
0
Let n = 10487 - 5461. What is the tens digit of n?
2
Let w(m) = m + 12. Let p be w(-11). Let u be 24/32*p*24. Suppose 0 = 16*v - u*v + 42. What is the tens digit of v?
2
Let i be -1*((-2)/(-2) - -66). Let f = i + 73. What is the units digit of (9/f)/((-1)/(-10)*5)?
3
Let u(v) = -246*v - 208. What is the thousands digit of u(-12)?
2
What is the tens digit of (15/(-60))/((-2)/31576)?
4
Suppose -2*i - 6 = 0, -s - 20*i + 863 = -15*i. Suppose 0 = -3*g - 9, -4*x + 5*g + s + 1389 = 0. What is the tens digit of x?
6
Let j(i) = 12*i**2 - 6*i + 9. Let p(v) = 3*v**2 + 2*v - 1. Let y = 56 - 55. Let l be p(y). What is the hundreds digit of j(l)?
1
Let h be ((-2)/3)/(22/(-30426)). What is the tens digit of -2*(h/(-20) + (-27)/(-45))?
9
Let m = 76 + -160. Let t = 190 + m. What is the units digit of t?
6
Let m(c) = -3*c**3 - 98*c**2 + 136*c - 163. What is the thousands digit of m(-38)?
7
Suppose 4*z - 2*r - 49010 = 0, -5*z + 2*z - r = -36750. What is the tens digit of z?
5
Suppose 15*a = 56 + 19. Suppose -2*f - g + 860 = f, -a*g = f - 296. What is the hundreds digit of f?
2
Let z = 48962 - 29506. What is the ten thousands digit of z?
1
Let i be (2/5)/((-5)/(-75)). Let k(p) = -20*p - 58. Let o(y) = 203*y + 581. Let j(z) = -21*k(z) - 2*o(z). What is the units digit of j(i)?
0
Let l(b) = 4*b**3 - 2*b**2 + 10*b + 17. What is the ten thousands digit of l(17)?
1
Let n(f) = -f**3 + 71*f**2 - 31*f + 969. What is the hundreds digit of n(66)?
7
Let c be ((-1 - 3) + 130)*1. Suppose -t - 185 = -4*t - 2*a, -2*t - 4*a = -c. Let g = t + 10. What is the tens digit of g?
7
Suppose -z - 233 = 7*c - 5*c, 3*z = -5*c - 585. Let n = c - -114. What is the tens digit of (-86)/4*(-2 - n)?
4
Suppose -12*j + 280 = -5*j. Let u = -38 + j. What is the units digit of 2/((-16)/u) + 293/4?
3
What is the tens digit of (-4)/(-144)*4 + 1910479/531?
9
Suppose -11*x + 3*x + 42998 + 34762 = 0. What is the tens digit of x?
2
Let k(i) = -16*i - 35. Let p(h) = 1. Let b(q) = k(q) + 4*p(q). Let v be -2*-7*2/(-4). What is the tens digit of b(v)?
8
Suppose -103 = 7*f + 2. What is the hundreds digit of 300 + -2 + (-22 - f)?
2
Suppose 0 = 4*z + 2*d + 356, -z + 5*d - 57 - 32 = 0. Let t = -83 - z. Suppose -417 - t = -3*m. What is the tens digit of m?
4
Suppose 146*s - 282359 - 271711 = 0. What is the units digit